{"id":8,"date":"2024-10-16T18:52:06","date_gmt":"2024-10-16T18:52:06","guid":{"rendered":"https:\/\/braziliancare.com.br\/medsenior\/?page_id=8"},"modified":"2024-11-06T14:09:52","modified_gmt":"2024-11-06T14:09:52","slug":"home","status":"publish","type":"page","link":"https:\/\/braziliancare.com.br\/medsenior\/","title":{"rendered":"Home"},"content":{"rendered":"\t\t<div data-elementor-type=\"wp-page\" data-elementor-id=\"8\" class=\"elementor elementor-8\">\n\t\t\t\t<div class=\"elementor-element elementor-element-1f3422b e-flex e-con-boxed e-con e-parent\" data-id=\"1f3422b\" data-element_type=\"container\" data-settings=\"{&quot;background_background&quot;:&quot;classic&quot;}\">\n\t\t\t\t\t<div class=\"e-con-inner\">\n\t\t<div class=\"elementor-element elementor-element-1b8625a e-con-full e-flex e-con e-child\" data-id=\"1b8625a\" data-element_type=\"container\">\n\t\t<div class=\"elementor-element elementor-element-e7e5f0b e-con-full e-flex e-con e-child\" data-id=\"e7e5f0b\" data-element_type=\"container\" data-settings=\"{&quot;background_background&quot;:&quot;classic&quot;}\">\n\t\t\t\t<div class=\"elementor-element elementor-element-82e2785 elementor-widget__width-initial elementor-widget elementor-widget-heading\" data-id=\"82e2785\" data-element_type=\"widget\" data-widget_type=\"heading.default\">\n\t\t\t\t<div class=\"elementor-widget-container\">\n\t\t\t<h2 class=\"elementor-heading-title elementor-size-default\">Descubra a MedS\u00eanior e transforma seu cuidado com a sa\u00fade em economia<\/h2>\t\t<\/div>\n\t\t\t\t<\/div>\n\t\t\t\t<div class=\"elementor-element elementor-element-2761ff6 elementor-widget elementor-widget-text-editor\" data-id=\"2761ff6\" data-element_type=\"widget\" data-widget_type=\"text-editor.default\">\n\t\t\t\t<div class=\"elementor-widget-container\">\n\t\t\t\t\t\t\t<p>Rede credenciada de qualidade e um pre\u00e7o que cabe no bolso.<\/p>\t\t\t\t\t\t<\/div>\n\t\t\t\t<\/div>\n\t\t\t\t<div class=\"elementor-element elementor-element-2e0a1f8 elementor-mobile-align-center elementor-widget elementor-widget-button\" data-id=\"2e0a1f8\" data-element_type=\"widget\" data-widget_type=\"button.default\">\n\t\t\t\t<div class=\"elementor-widget-container\">\n\t\t\t\t\t\t\t<div class=\"elementor-button-wrapper\">\n\t\t\t\t\t<a class=\"elementor-button elementor-button-link elementor-size-sm elementor-animation-grow\" href=\"https:\/\/wa.me\/+551120996200?text=Ol%C3%A1%2C%20gostaria%20de%20mais%20informa%C3%A7%C3%B5es%20sobre%20a%20MedS%C3%AAnior...\">\n\t\t\t\t\t\t<span class=\"elementor-button-content-wrapper\">\n\t\t\t\t\t\t\t\t\t<span class=\"elementor-button-text\">Veja o melhor Custo benef\u00edcio<\/span>\n\t\t\t\t\t<\/span>\n\t\t\t\t\t<\/a>\n\t\t\t\t<\/div>\n\t\t\t\t\t\t<\/div>\n\t\t\t\t<\/div>\n\t\t\t\t<\/div>\n\t\t\t\t<\/div>\n\t\t\t\t\t<\/div>\n\t\t\t\t<\/div>\n\t\t<div class=\"elementor-element elementor-element-5d7f02a e-flex e-con-boxed e-con e-parent\" data-id=\"5d7f02a\" data-element_type=\"container\" data-settings=\"{&quot;background_background&quot;:&quot;classic&quot;}\">\n\t\t\t\t\t<div class=\"e-con-inner\">\n\t\t<div class=\"elementor-element elementor-element-489df9e e-con-full e-flex e-con e-child\" data-id=\"489df9e\" data-element_type=\"container\">\n\t\t<div class=\"elementor-element elementor-element-0ad854a e-con-full e-flex e-con e-child\" data-id=\"0ad854a\" data-element_type=\"container\">\n\t\t\t\t<div class=\"elementor-element elementor-element-407ce4b elementor-widget elementor-widget-image\" data-id=\"407ce4b\" data-element_type=\"widget\" data-widget_type=\"image.default\">\n\t\t\t\t<div class=\"elementor-widget-container\">\n\t\t\t\t\t\t\t\t\t\t\t\t\t<img fetchpriority=\"high\" decoding=\"async\" width=\"2560\" height=\"1708\" src=\"https:\/\/braziliancare.com.br\/medsenior\/wp-content\/uploads\/2024\/11\/happy-senior-couple-smiling-while-standing-together-against-blue-background-scaled.jpg\" class=\"attachment-full size-full wp-image-253\" alt=\"\" srcset=\"https:\/\/braziliancare.com.br\/medsenior\/wp-content\/uploads\/2024\/11\/happy-senior-couple-smiling-while-standing-together-against-blue-background-scaled.jpg 2560w, https:\/\/braziliancare.com.br\/medsenior\/wp-content\/uploads\/2024\/11\/happy-senior-couple-smiling-while-standing-together-against-blue-background-300x200.jpg 300w, https:\/\/braziliancare.com.br\/medsenior\/wp-content\/uploads\/2024\/11\/happy-senior-couple-smiling-while-standing-together-against-blue-background-1024x683.jpg 1024w, https:\/\/braziliancare.com.br\/medsenior\/wp-content\/uploads\/2024\/11\/happy-senior-couple-smiling-while-standing-together-against-blue-background-768x512.jpg 768w, https:\/\/braziliancare.com.br\/medsenior\/wp-content\/uploads\/2024\/11\/happy-senior-couple-smiling-while-standing-together-against-blue-background-1536x1025.jpg 1536w, https:\/\/braziliancare.com.br\/medsenior\/wp-content\/uploads\/2024\/11\/happy-senior-couple-smiling-while-standing-together-against-blue-background-2048x1366.jpg 2048w\" sizes=\"(max-width: 2560px) 100vw, 2560px\" \/>\t\t\t\t\t\t\t\t\t\t\t\t\t<\/div>\n\t\t\t\t<\/div>\n\t\t\t\t<\/div>\n\t\t<div class=\"elementor-element elementor-element-b00cfae e-con-full e-flex e-con e-child\" data-id=\"b00cfae\" data-element_type=\"container\" data-settings=\"{&quot;background_background&quot;:&quot;classic&quot;}\">\n\t\t\t\t<div class=\"elementor-element elementor-element-bbf11f2 elementor-widget__width-initial elementor-widget elementor-widget-heading\" data-id=\"bbf11f2\" data-element_type=\"widget\" data-widget_type=\"heading.default\">\n\t\t\t\t<div class=\"elementor-widget-container\">\n\t\t\t<h2 class=\"elementor-heading-title elementor-size-default\">Plano de sa\u00fade Black Friday: MedS\u00eanior com 60% de desconto<\/h2>\t\t<\/div>\n\t\t\t\t<\/div>\n\t\t\t\t<div class=\"elementor-element elementor-element-b633387 elementor-widget elementor-widget-text-editor\" data-id=\"b633387\" data-element_type=\"widget\" data-widget_type=\"text-editor.default\">\n\t\t\t\t<div class=\"elementor-widget-container\">\n\t\t\t\t\t\t\t<p>Na \u00e9poca mais aguardada do ano para promo\u00e7\u00f5es, a MedS\u00eanior n\u00e3o vai ficar de fora, a Black Friday 2024 \u00e9 a oportunidade de ter o seu plano de sa\u00fade para Bem Envelhecer. Durante todo o m\u00eas de novembro de 2024 (01\/11\/2024 a 30\/11\/2024), voc\u00ea contrata o plano de sa\u00fade em promo\u00e7\u00e3o: a primeira parcela ter\u00e1 <strong>60% de desconto.<\/strong><\/p>\t\t\t\t\t\t<\/div>\n\t\t\t\t<\/div>\n\t\t\t\t<div class=\"elementor-element elementor-element-2f90cde elementor-widget elementor-widget-text-editor\" data-id=\"2f90cde\" data-element_type=\"widget\" data-widget_type=\"text-editor.default\">\n\t\t\t\t<div class=\"elementor-widget-container\">\n\t\t\t\t\t\t\t<p><strong>A promo\u00e7\u00e3o \u00e9 valida para todas as pra\u00e7as de atua\u00e7\u00e3o da Med S\u00eanior (ES, RJ, MG, SP, PR, RS e DF)<\/strong><\/p>\t\t\t\t\t\t<\/div>\n\t\t\t\t<\/div>\n\t\t\t\t<div class=\"elementor-element elementor-element-347a154 elementor-mobile-align-center elementor-widget elementor-widget-button\" data-id=\"347a154\" data-element_type=\"widget\" data-widget_type=\"button.default\">\n\t\t\t\t<div class=\"elementor-widget-container\">\n\t\t\t\t\t\t\t<div class=\"elementor-button-wrapper\">\n\t\t\t\t\t<a class=\"elementor-button elementor-button-link elementor-size-sm elementor-animation-grow\" href=\"https:\/\/wa.me\/+551120996200?text=Ol%C3%A1%2C%20gostaria%20de%20mais%20informa%C3%A7%C3%B5es%20sobre%20a%20MedS%C3%AAnior...\">\n\t\t\t\t\t\t<span class=\"elementor-button-content-wrapper\">\n\t\t\t\t\t\t\t\t\t<span class=\"elementor-button-text\">Veja o melhor Custo benef\u00edcio<\/span>\n\t\t\t\t\t<\/span>\n\t\t\t\t\t<\/a>\n\t\t\t\t<\/div>\n\t\t\t\t\t\t<\/div>\n\t\t\t\t<\/div>\n\t\t\t\t<\/div>\n\t\t\t\t<\/div>\n\t\t<div class=\"elementor-element elementor-element-31ec63f e-con-full e-flex e-con e-child\" data-id=\"31ec63f\" data-element_type=\"container\">\n\t\t<div class=\"elementor-element elementor-element-0e08a09 e-con-full e-flex e-con e-child\" data-id=\"0e08a09\" data-element_type=\"container\">\n\t\t\t\t<\/div>\n\t\t<div class=\"elementor-element elementor-element-386f740 e-con-full e-flex e-con e-child\" data-id=\"386f740\" data-element_type=\"container\" data-settings=\"{&quot;background_background&quot;:&quot;classic&quot;}\">\n\t\t\t\t<div class=\"elementor-element elementor-element-4bada52 elementor-widget elementor-widget-text-editor\" data-id=\"4bada52\" data-element_type=\"widget\" data-widget_type=\"text-editor.default\">\n\t\t\t\t<div class=\"elementor-widget-container\">\n\t\t\t\t\t\t\t<p><span style=\"font-weight: 400;\">A partir de\u00a0 *R$ 697,43 individual Enfermaria sem coparticipa\u00e7\u00e3o <\/span><span style=\"font-weight: 400;\">1\u00ba parcela sair\u00e1 R$ 278,97 propostas assinadas at\u00e9 31.11.24 <br \/><\/span><span style=\"font-weight: 400;\">*44 a 53 anos<\/span><\/p>\t\t\t\t\t\t<\/div>\n\t\t\t\t<\/div>\n\t\t\t\t<\/div>\n\t\t\t\t<\/div>\n\t\t\t\t\t<\/div>\n\t\t\t\t<\/div>\n\t\t<div class=\"elementor-element elementor-element-137adb7 e-flex e-con-boxed e-con e-parent\" data-id=\"137adb7\" data-element_type=\"container\" data-settings=\"{&quot;background_background&quot;:&quot;classic&quot;}\">\n\t\t\t\t\t<div class=\"e-con-inner\">\n\t\t<div class=\"elementor-element elementor-element-51bdd1f e-con-full e-flex e-con e-child\" data-id=\"51bdd1f\" data-element_type=\"container\">\n\t\t\t\t<div class=\"elementor-element elementor-element-2dd80b4 elementor-widget elementor-widget-text-editor\" data-id=\"2dd80b4\" data-element_type=\"widget\" data-widget_type=\"text-editor.default\">\n\t\t\t\t<div class=\"elementor-widget-container\">\n\t\t\t\t\t\t\t<p>Planos e exemplos rede credenciada<\/p>\t\t\t\t\t\t<\/div>\n\t\t\t\t<\/div>\n\t\t<div class=\"elementor-element elementor-element-fa1c89e e-flex e-con-boxed e-con e-child\" data-id=\"fa1c89e\" data-element_type=\"container\">\n\t\t\t\t\t<div class=\"e-con-inner\">\n\t\t<div class=\"elementor-element elementor-element-b5848c2 e-con-full e-flex e-con e-child\" data-id=\"b5848c2\" data-element_type=\"container\" data-settings=\"{&quot;background_background&quot;:&quot;classic&quot;}\">\n\t\t\t\t<div class=\"elementor-element elementor-element-673b571 elementor-widget elementor-widget-text-editor\" data-id=\"673b571\" data-element_type=\"widget\" data-widget_type=\"text-editor.default\">\n\t\t\t\t<div class=\"elementor-widget-container\">\n\t\t\t\t\t\t\t<p>MedS\u00eanior Black<\/p>\t\t\t\t\t\t<\/div>\n\t\t\t\t<\/div>\n\t\t\t\t<div class=\"elementor-element elementor-element-d83b4e1 elementor-widget elementor-widget-text-editor\" data-id=\"d83b4e1\" data-element_type=\"widget\" data-widget_type=\"text-editor.default\">\n\t\t\t\t<div class=\"elementor-widget-container\">\n\t\t\t\t\t\t\t<p><strong>Hospitais:<\/strong> <br \/>Santa Catarina <br \/>S\u00e3o Camilo Pompeia<\/p><p><strong>Laborat\u00f3rios:<\/strong> <br \/>A+ <br \/>Cdb <br \/>Femme<\/p>\t\t\t\t\t\t<\/div>\n\t\t\t\t<\/div>\n\t\t\t\t<\/div>\n\t\t\t\t\t<\/div>\n\t\t\t\t<\/div>\n\t\t<div class=\"elementor-element elementor-element-d71a6a6 e-con-full e-flex e-con e-child\" data-id=\"d71a6a6\" data-element_type=\"container\">\n\t\t\t\t<div class=\"elementor-element elementor-element-a9dbf8a elementor-widget elementor-widget-button\" data-id=\"a9dbf8a\" data-element_type=\"widget\" data-widget_type=\"button.default\">\n\t\t\t\t<div class=\"elementor-widget-container\">\n\t\t\t\t\t\t\t<div class=\"elementor-button-wrapper\">\n\t\t\t\t\t<a class=\"elementor-button elementor-button-link elementor-size-sm elementor-animation-grow\" href=\"https:\/\/wa.me\/+551120996200?text=Ol%C3%A1%2C%20gostaria%20de%20mais%20informa%C3%A7%C3%B5es%20sobre%20a%20MedS%C3%AAnior...\">\n\t\t\t\t\t\t<span class=\"elementor-button-content-wrapper\">\n\t\t\t\t\t\t\t\t\t<span class=\"elementor-button-text\">Clique aqui e veja o melhor Custo benef\u00edcio<\/span>\n\t\t\t\t\t<\/span>\n\t\t\t\t\t<\/a>\n\t\t\t\t<\/div>\n\t\t\t\t\t\t<\/div>\n\t\t\t\t<\/div>\n\t\t\t\t<\/div>\n\t\t\t\t<\/div>\n\t\t\t\t\t<\/div>\n\t\t\t\t<\/div>\n\t\t<div class=\"elementor-element elementor-element-4b7a054 e-flex e-con-boxed e-con e-parent\" data-id=\"4b7a054\" data-element_type=\"container\">\n\t\t\t\t\t<div class=\"e-con-inner\">\n\t\t<div class=\"elementor-element elementor-element-e6170a6 e-con-full e-flex e-con e-child\" data-id=\"e6170a6\" data-element_type=\"container\">\n\t\t\t\t<div class=\"elementor-element elementor-element-e7e67c0 elementor-widget elementor-widget-text-editor\" data-id=\"e7e67c0\" data-element_type=\"widget\" data-widget_type=\"text-editor.default\">\n\t\t\t\t<div class=\"elementor-widget-container\">\n\t\t\t\t\t\t\t<p>MedS\u00eanior \u00e9 bom?<\/p>\t\t\t\t\t\t<\/div>\n\t\t\t\t<\/div>\n\t\t\t\t<div class=\"elementor-element elementor-element-c5c6e24 elementor-widget elementor-widget-text-editor\" data-id=\"c5c6e24\" data-element_type=\"widget\" data-widget_type=\"text-editor.default\">\n\t\t\t\t<div class=\"elementor-widget-container\">\n\t\t\t\t\t\t\t<p>Se voc\u00ea est\u00e1 se perguntando se a MedS\u00eanior \u00e9 uma boa op\u00e7\u00e3o de plano de sa\u00fade, a resposta \u00e9 sim. A MedS\u00eanior \u00e9 especializada no p\u00fablico 49+, oferecendo atendimento humanizado e personalizado.<\/p><p>Com a ampla rede credenciada e 40 unidades pr\u00f3prias, o plano de sa\u00fade atua em diversos estados do Brasil. Tudo isso com um foco forte na <strong>medicina preventiva<\/strong>, que ajuda seus benefici\u00e1rios a manterem a sa\u00fade em dia e envelhecer com qualidade.<\/p>\t\t\t\t\t\t<\/div>\n\t\t\t\t<\/div>\n\t\t\t\t<div class=\"elementor-element elementor-element-dca47cf elementor-widget elementor-widget-button\" data-id=\"dca47cf\" data-element_type=\"widget\" data-widget_type=\"button.default\">\n\t\t\t\t<div class=\"elementor-widget-container\">\n\t\t\t\t\t\t\t<div class=\"elementor-button-wrapper\">\n\t\t\t\t\t<a class=\"elementor-button elementor-button-link elementor-size-sm elementor-animation-grow\" href=\"https:\/\/wa.me\/+551120996200?text=Ol%C3%A1%2C%20gostaria%20de%20mais%20informa%C3%A7%C3%B5es%20sobre%20a%20MedS%C3%AAnior...\">\n\t\t\t\t\t\t<span class=\"elementor-button-content-wrapper\">\n\t\t\t\t\t\t\t\t\t<span class=\"elementor-button-text\">Clique aqui e veja o melhor Custo benef\u00edcio<\/span>\n\t\t\t\t\t<\/span>\n\t\t\t\t\t<\/a>\n\t\t\t\t<\/div>\n\t\t\t\t\t\t<\/div>\n\t\t\t\t<\/div>\n\t\t\t\t<\/div>\n\t\t<div class=\"elementor-element elementor-element-b9b061a e-con-full e-flex e-con e-child\" data-id=\"b9b061a\" data-element_type=\"container\">\n\t\t\t\t<div class=\"elementor-element elementor-element-2abd524 elementor-widget elementor-widget-video\" data-id=\"2abd524\" data-element_type=\"widget\" data-settings=\"{&quot;youtube_url&quot;:&quot;https:\\\/\\\/youtu.be\\\/8zfLfgJzrmU&quot;,&quot;video_type&quot;:&quot;youtube&quot;,&quot;controls&quot;:&quot;yes&quot;}\" data-widget_type=\"video.default\">\n\t\t\t\t<div class=\"elementor-widget-container\">\n\t\t\t\t\t<div class=\"elementor-wrapper elementor-open-inline\">\n\t\t\t<div class=\"elementor-video\"><\/div>\t\t<\/div>\n\t\t\t\t<\/div>\n\t\t\t\t<\/div>\n\t\t\t\t<\/div>\n\t\t\t\t\t<\/div>\n\t\t\t\t<\/div>\n\t\t<div class=\"elementor-element elementor-element-8c46d61 e-flex e-con-boxed e-con e-parent\" data-id=\"8c46d61\" data-element_type=\"container\" data-settings=\"{&quot;background_background&quot;:&quot;classic&quot;}\">\n\t\t\t\t\t<div class=\"e-con-inner\">\n\t\t<div class=\"elementor-element elementor-element-a77ab04 e-con-full e-flex e-con e-child\" data-id=\"a77ab04\" data-element_type=\"container\">\n\t\t<div class=\"elementor-element elementor-element-a1e24c1 e-con-full e-flex e-con e-child\" data-id=\"a1e24c1\" data-element_type=\"container\">\n\t\t\t\t<div class=\"elementor-element elementor-element-01e4d1d elementor-widget__width-initial elementor-widget elementor-widget-text-editor\" data-id=\"01e4d1d\" data-element_type=\"widget\" data-widget_type=\"text-editor.default\">\n\t\t\t\t<div class=\"elementor-widget-container\">\n\t\t\t\t\t\t\t<p>Alguma d\u00favida sobre qual plano escolher?<\/p>\t\t\t\t\t\t<\/div>\n\t\t\t\t<\/div>\n\t\t\t\t<div class=\"elementor-element elementor-element-4d9ae8b elementor-widget__width-initial elementor-widget elementor-widget-text-editor\" data-id=\"4d9ae8b\" data-element_type=\"widget\" data-widget_type=\"text-editor.default\">\n\t\t\t\t<div class=\"elementor-widget-container\">\n\t\t\t\t\t\t\t<p><span style=\"font-weight: 400;\">Conte com uma equipe de excel\u00eancia, composta por profissionais altamente capacitados e com vasta experi\u00eancia. Estamos comprometidos com a qualidade do atendimento, garantindo total seguran\u00e7a. Sua sa\u00fade em boas m\u00e3os!<\/span><\/p>\t\t\t\t\t\t<\/div>\n\t\t\t\t<\/div>\n\t\t\t\t<div class=\"elementor-element elementor-element-9d9681e elementor-widget elementor-widget-button\" data-id=\"9d9681e\" data-element_type=\"widget\" data-widget_type=\"button.default\">\n\t\t\t\t<div class=\"elementor-widget-container\">\n\t\t\t\t\t\t\t<div class=\"elementor-button-wrapper\">\n\t\t\t\t\t<a class=\"elementor-button elementor-button-link elementor-size-sm elementor-animation-grow\" href=\"https:\/\/wa.me\/+551120996200?text=Ol%C3%A1%2C%20gostaria%20de%20mais%20informa%C3%A7%C3%B5es%20sobre%20a%20MedS%C3%AAnior...\">\n\t\t\t\t\t\t<span class=\"elementor-button-content-wrapper\">\n\t\t\t\t\t\t\t\t\t<span class=\"elementor-button-text\">Clique aqui e veja o melhor Custo benef\u00edcio<\/span>\n\t\t\t\t\t<\/span>\n\t\t\t\t\t<\/a>\n\t\t\t\t<\/div>\n\t\t\t\t\t\t<\/div>\n\t\t\t\t<\/div>\n\t\t\t\t<\/div>\n\t\t\t\t<\/div>\n\t\t\t\t\t<\/div>\n\t\t\t\t<\/div>\n\t\t<div class=\"elementor-element elementor-element-dccb5b8 e-flex e-con-boxed e-con e-parent\" data-id=\"dccb5b8\" data-element_type=\"container\" data-settings=\"{&quot;background_background&quot;:&quot;classic&quot;}\">\n\t\t\t\t\t<div class=\"e-con-inner\">\n\t\t<div class=\"elementor-element elementor-element-8b11149 e-con-full e-flex e-con e-child\" data-id=\"8b11149\" data-element_type=\"container\">\n\t\t\t\t<div class=\"elementor-element elementor-element-384d81c elementor-widget elementor-widget-text-editor\" data-id=\"384d81c\" data-element_type=\"widget\" data-widget_type=\"text-editor.default\">\n\t\t\t\t<div class=\"elementor-widget-container\">\n\t\t\t\t\t\t\tCopyright |  2026 Brazilian Care. Todos os Direitos Reservados\t\t\t\t\t\t<\/div>\n\t\t\t\t<\/div>\n\t\t\t\t<\/div>\n\t\t\t\t\t<\/div>\n\t\t\t\t<\/div>\n\t\t\t\t<\/div>\n\t\t","protected":false},"excerpt":{"rendered":"<p>Descubra a MedS\u00eanior e transforma seu cuidado com a sa\u00fade em economia Rede credenciada de qualidade e um pre\u00e7o que cabe no bolso. Veja o melhor Custo benef\u00edcio Plano de sa\u00fade Black Friday: MedS\u00eanior com 60% de desconto Na \u00e9poca mais aguardada do ano para promo\u00e7\u00f5es, a MedS\u00eanior n\u00e3o vai ficar de fora, a Black [&hellip;]<\/p>\n","protected":false},"author":1,"featured_media":0,"parent":0,"menu_order":0,"comment_status":"closed","ping_status":"closed","template":"elementor_canvas","meta":{"footnotes":""},"class_list":["post-8","page","type-page","status-publish","hentry"],"_links":{"self":[{"href":"https:\/\/braziliancare.com.br\/medsenior\/wp-json\/wp\/v2\/pages\/8"}],"collection":[{"href":"https:\/\/braziliancare.com.br\/medsenior\/wp-json\/wp\/v2\/pages"}],"about":[{"href":"https:\/\/braziliancare.com.br\/medsenior\/wp-json\/wp\/v2\/types\/page"}],"author":[{"embeddable":true,"href":"https:\/\/braziliancare.com.br\/medsenior\/wp-json\/wp\/v2\/users\/1"}],"replies":[{"embeddable":true,"href":"https:\/\/braziliancare.com.br\/medsenior\/wp-json\/wp\/v2\/comments?post=8"}],"version-history":[{"count":235,"href":"https:\/\/braziliancare.com.br\/medsenior\/wp-json\/wp\/v2\/pages\/8\/revisions"}],"predecessor-version":[{"id":263,"href":"https:\/\/braziliancare.com.br\/medsenior\/wp-json\/wp\/v2\/pages\/8\/revisions\/263"}],"wp:attachment":[{"href":"https:\/\/braziliancare.com.br\/medsenior\/wp-json\/wp\/v2\/media?parent=8"}],"curies":[{"name":"wp","href":"https:\/\/api.w.org\/{rel}","templated":true}]}}